{"id":38,"date":"2019-03-06T18:34:34","date_gmt":"2019-03-06T17:34:34","guid":{"rendered":"http:\/\/www.minimaniacalpin.fr\/version3\/?page_id=38"},"modified":"2025-12-27T00:16:36","modified_gmt":"2025-12-26T23:16:36","slug":"le-club-contact","status":"publish","type":"page","link":"https:\/\/www.minimaniacalpin.fr\/version3\/index.php\/le-club\/le-club-contact\/","title":{"rendered":"Le Club &#8211; Contact"},"content":{"rendered":"\n<p>Pour joindre le club vous pouvez utiliser l&rsquo;adresse mail suivante: <\/p>\n\n\n\n<p><a href=\"mailto:contact@minimaniacalpin.fr\">contact@minimaniacalpin.fr<\/a><\/p>\n\n\n\n<p>Ou bien contacter le pr\u00e9sident (Lo\u00efc Dechalou) au:<\/p>\n\n\n\n<figure class=\"wp-block-image size-full\"><img loading=\"lazy\" decoding=\"async\" width=\"284\" height=\"44\" src=\"https:\/\/www.minimaniacalpin.fr\/version3\/wp-content\/uploads\/2025\/12\/image.png\" alt=\"\" class=\"wp-image-660\"\/><\/figure>\n\n\n\n<p>(Nous n&rsquo;avons pas de garage associatif et nous ne r\u00e9parons pas les voitures)<\/p>\n\n\n\n<p><\/p>\n","protected":false},"excerpt":{"rendered":"<p>Pour joindre le club vous pouvez utiliser l&rsquo;adresse mail suivante: contact@minimaniacalpin.fr Ou bien contacter le pr\u00e9sident (Lo\u00efc Dechalou) au: (Nous n&rsquo;avons pas de garage associatif et nous ne r\u00e9parons pas les voitures)<\/p>\n","protected":false},"author":1,"featured_media":0,"parent":19,"menu_order":3,"comment_status":"closed","ping_status":"closed","template":"","meta":{"footnotes":""},"class_list":["post-38","page","type-page","status-publish","hentry"],"_links":{"self":[{"href":"https:\/\/www.minimaniacalpin.fr\/version3\/index.php\/wp-json\/wp\/v2\/pages\/38","targetHints":{"allow":["GET"]}}],"collection":[{"href":"https:\/\/www.minimaniacalpin.fr\/version3\/index.php\/wp-json\/wp\/v2\/pages"}],"about":[{"href":"https:\/\/www.minimaniacalpin.fr\/version3\/index.php\/wp-json\/wp\/v2\/types\/page"}],"author":[{"embeddable":true,"href":"https:\/\/www.minimaniacalpin.fr\/version3\/index.php\/wp-json\/wp\/v2\/users\/1"}],"replies":[{"embeddable":true,"href":"https:\/\/www.minimaniacalpin.fr\/version3\/index.php\/wp-json\/wp\/v2\/comments?post=38"}],"version-history":[{"count":6,"href":"https:\/\/www.minimaniacalpin.fr\/version3\/index.php\/wp-json\/wp\/v2\/pages\/38\/revisions"}],"predecessor-version":[{"id":661,"href":"https:\/\/www.minimaniacalpin.fr\/version3\/index.php\/wp-json\/wp\/v2\/pages\/38\/revisions\/661"}],"up":[{"embeddable":true,"href":"https:\/\/www.minimaniacalpin.fr\/version3\/index.php\/wp-json\/wp\/v2\/pages\/19"}],"wp:attachment":[{"href":"https:\/\/www.minimaniacalpin.fr\/version3\/index.php\/wp-json\/wp\/v2\/media?parent=38"}],"curies":[{"name":"wp","href":"https:\/\/api.w.org\/{rel}","templated":true}]}}