{"id":294,"date":"2021-06-20T23:52:07","date_gmt":"2021-06-20T21:52:07","guid":{"rendered":"http:\/\/www.minimaniacalpin.fr\/version3\/?page_id=294"},"modified":"2021-06-20T23:52:08","modified_gmt":"2021-06-20T21:52:08","slug":"documents-darchives","status":"publish","type":"page","link":"https:\/\/www.minimaniacalpin.fr\/version3\/index.php\/documents-darchives\/","title":{"rendered":"Documents d&rsquo;Archives"},"content":{"rendered":"\n<p>Sur ces pages nous allons mettre en ligne tous les documents d&rsquo;\u00e9poque ayant un valeur historique afin que ceux-ci ne soient pas perdus.<\/p>\n\n\n\n<p>La premi\u00e8re vid\u00e9o est issue de multiples archives super 8 reconverties en VHS puis reprise d&rsquo;un DVD. Un traitement d&rsquo;image afin d&rsquo;am\u00e9liorer la nettet\u00e9 a \u00e9t\u00e9 r\u00e9alis\u00e9. Il sera cependant imp\u00e9ratif de travailler sur les bandes originales afin d&rsquo;obtenir une meilleurs qualit\u00e9 et une synchronisation fid\u00e8le.<\/p>\n\n\n\n<p>Profitez bien de ces images in\u00e9dites.<\/p>\n","protected":false},"excerpt":{"rendered":"<p>Sur ces pages nous allons mettre en ligne tous les documents d&rsquo;\u00e9poque ayant un valeur historique afin que ceux-ci ne soient pas perdus. La premi\u00e8re vid\u00e9o est issue de multiples archives super 8 reconverties en VHS puis reprise d&rsquo;un DVD. Un traitement d&rsquo;image afin d&rsquo;am\u00e9liorer la nettet\u00e9 a \u00e9t\u00e9 r\u00e9alis\u00e9. Il sera cependant imp\u00e9ratif de travailler sur les bandes originales afin d&rsquo;obtenir une meilleurs qualit\u00e9 et une synchronisation fid\u00e8le. Profitez bien de ces images in\u00e9dites.<\/p>\n","protected":false},"author":1,"featured_media":0,"parent":0,"menu_order":0,"comment_status":"closed","ping_status":"closed","template":"","meta":{"footnotes":""},"class_list":["post-294","page","type-page","status-publish","hentry"],"_links":{"self":[{"href":"https:\/\/www.minimaniacalpin.fr\/version3\/index.php\/wp-json\/wp\/v2\/pages\/294","targetHints":{"allow":["GET"]}}],"collection":[{"href":"https:\/\/www.minimaniacalpin.fr\/version3\/index.php\/wp-json\/wp\/v2\/pages"}],"about":[{"href":"https:\/\/www.minimaniacalpin.fr\/version3\/index.php\/wp-json\/wp\/v2\/types\/page"}],"author":[{"embeddable":true,"href":"https:\/\/www.minimaniacalpin.fr\/version3\/index.php\/wp-json\/wp\/v2\/users\/1"}],"replies":[{"embeddable":true,"href":"https:\/\/www.minimaniacalpin.fr\/version3\/index.php\/wp-json\/wp\/v2\/comments?post=294"}],"version-history":[{"count":1,"href":"https:\/\/www.minimaniacalpin.fr\/version3\/index.php\/wp-json\/wp\/v2\/pages\/294\/revisions"}],"predecessor-version":[{"id":295,"href":"https:\/\/www.minimaniacalpin.fr\/version3\/index.php\/wp-json\/wp\/v2\/pages\/294\/revisions\/295"}],"wp:attachment":[{"href":"https:\/\/www.minimaniacalpin.fr\/version3\/index.php\/wp-json\/wp\/v2\/media?parent=294"}],"curies":[{"name":"wp","href":"https:\/\/api.w.org\/{rel}","templated":true}]}}